397663439?
3
What is the millions digit of 987924450?
7
What is the ten millions digit of 379004338?
7
What is the units digit of 85117605?
5
What is the hundred thousands digit of 42041658?
0
What is the ten thousands digit of 1323689237?
8
What is the tens digit of 5441865065?
6
What is the hundred millions digit of 321099130?
3
What is the hundred thousands digit of 327643560?
6
What is the ten thousands digit of 5539489619?
8
What is the ten thousands digit of 23835496?
3
What is the millions digit of 231649303?
1
What is the ten millions digit of 6149596398?
4
What is the hundred millions digit of 847266672?
8
What is the ten millions digit of 3050220293?
5
What is the tens digit of 201160869?
6
What is the hundred millions digit of 1544217532?
5
What is the hundred millions digit of 500504577?
5
What is the hundreds digit of 35769240?
2
What is the tens digit of 272195697?
9
What is the ten thousands digit of 478410272?
1
What is the tens digit of 2089205609?
0
What is the tens digit of 61795484?
8
What is the units digit of 167833552?
2
What is the millions digit of 40270075?
0
What is the hundred thousands digit of 86270173?
2
What is the tens digit of 227145446?
4
What is the tens digit of 38360474?
7
What is the hundred thousands digit of 60365847?
3
What is the units digit of 2563763795?
5
What is the hundred millions digit of 434146098?
4
What is the units digit of 354008582?
2
What is the millions digit of 2770604484?
0
What is the tens digit of 395692014?
1
What is the hundred thousands digit of 902011557?
0
What is the ten millions digit of 812891877?
1
What is the hundreds digit of 94476996?
9
What is the ten thousands digit of 433560040?
6
What is the thousands digit of 17033322?
3
What is the thousands digit of 346701255?
1
What is the millions digit of 78035877?
8
What is the hundreds digit of 956320988?
9
What is the hundred millions digit of 4603490254?
6
What is the millions digit of 576462246?
6
What is the hundred millions digit of 502412620?
5
What is the tens digit of 933020598?
9
What is the ten thousands digit of 38643742?
4
What is the millions digit of 5973462966?
3
What is the hundreds digit of 103948010?
0
What is the thousands digit of 291986732?
6
What is the units digit of 41444301?
1
What is the millions digit of 83334250?
3
What is the ten thousands digit of 656722162?
2
What is the thousands digit of 50580903?
0
What is the millions digit of 1223935257?
3
What is the units digit of 135928954?
4
What is the hundred millions digit of 362163319?
3
What is the units digit of 570075253?
3
What is the hundreds digit of 2010045639?
6
What is the ten thousands digit of 202605479?
0
What is the hundred thousands digit of 355472846?
4
What is the ten millions digit of 45505968?
4
What is the tens digit of 99295642?
4
What is the hundred thousands digit of 279470390?
4
What is the tens digit of 238472774?
7
What is the hundred thousands digit of 273563058?
5
What is the millions digit of 651285513?
1
What is the millions digit of 141602213?
1
What is the units digit of 50825415?
5
What is the thousands digit of 216465727?
5
What is the thousands digit of 8877439?
7
What is the tens digit of 514950005?
0
What is the units digit of 105535308?
8
What is the tens digit of 1217136538?
3
What is the tens digit of 360194404?
0
What is the millions digit of 174453297?
4
What is the ten millions digit of 856699472?
5
What is the hundred millions digit of 139286510?
1
What is the thousands digit of 20138491?
8
What is the ten millions digit of 248206632?
4
What is the tens digit of 28668139?
3
What is the hundreds digit of 399410103?
1
What is the ten millions digit of 1573379202?
7
What is the hundreds digit of 42610690?
6
What is the hundred thousands digit of 383844746?
8
What is the ten thousands digit of 488778897?
7
What is the hundred millions digit of 634847705?
6
What is the thousands digit of 5798746204?
6
What is the units digit of 2917207305?
5
What is the tens digit of 1901696239?
3
What is the millions digit of 48572277?
8
What is the thousands digit of 1641326941?
6
What is the hundred thousands digit of 99978641?
9
What is the ten thousands digit of 510636542?
3
What is the hundreds digit of 239522201?
2
What is the hundred thousands digit of 1667566135?
5
What is the hundred millions digit of 106767224?
1
What is the ten thousands digit of 170213558?
1
What is the ten thousands digit of 37454898?
5
What is the ten thousands digit of 229833859?
3
What is the hundreds digit of 234405350?
3
What is the ten millions digit of 1875331199?
7
What is the hundreds digit of 32042928?
9
What is the hundred millions digit of 2415423160?
4
What is the thousands digit of 3116677947?
7
What is the hundreds digit of 6172851?
8
What is the hundred thousands digit of 6813638?
8
What is the millions digit of 1636338662?
6
What is the thousands digit of 919114358?
4
What is the hundred thousands digit of 201395825?
3
What is the ten millions digit of 6609503820?
0
What is the units digit of 149092471?
1
What is the units digit of 5043078967?
7
What is the ten millions digit of 568766359?
6
What is the hundred thousands digit of 1418182349?
1
What is the tens digit of 19794371?
7
What is the tens digit of 1251260680?
8
What is the ten millions digit of 28908956?
2
What is the ten millions digit of 127320142?
2
What is the millions digit of 266971684?
6
What is the tens digit of 95718469?
6
What is the hundreds digit of 42627877?
8
What is the units digit of 605099927?
7
What is the ten millions digit of 33028000?
3
What is the tens digit of 77697229?
2
What is the ten millions digit of 22754772?
2
What is the hundred thousands digit of 2816076958?
0
What is the ten millions digit of 54316396?
5
What is the hundred millions digit of 667670664?
6
What is the hundreds digit of 84080132?
1
What is the units digit of 49955796?
6
What is the hundred thousands digit of 27669620?
6
What is the hundred thousands digit of 87408125?
4
What is the thousands digit of 123054844?
4
What is the units digit of 172043491?
1
What is the ten millions digit of 41286398?
4
What is the units digit of 2527861873?
3
What is the hundreds digit of 13589981?
9
What is the tens digit of 67268334?
3
What is the hundreds digit of 70002006?
0
What is the hundred thousands digit of 159644228?
6
What is the hundreds digit of 521059191?
1
What is the units digit of 472604816?
6
What is the hundreds digit of 3528518837?
8
What is the millions digit of 3325420852?
5
What is the ten thousands digit of 1649982074?
8
What is the hundreds digit of 184221196?
1
What is the ten millions digit of 173351583?
7
What is the thousands digit of 1410426632?
6
What is the hundred millions digit of 816682152?
8
What is the ten millions digit of 2997725921?
9
What is the ten thousands digit of 1094084671?
8
What is the millions digit of 46988498?
6
What is the thousands digit of 910005247?
5
What is the units digit of 1371846348?
8
What is the tens digit of 143453440?
4
What is the hundred millions digit of 3043729793?
0
What is the hundreds digit of 501005453?
4
What is the units digit of 69729228?
8
What is the hundreds digit of 2513327615?
6
What is the hundred thousands digit of 255237896?
2
What is the millions digit of 4023651258?
3
What is the thousands digit of 271557695?
7
What is the ten thousands digit of 46221122?
2
What is the hundred millions digit of 201174130?
2
What is the ten thousands digit of 345068295?
6
What is the units digit of 230066406?
6
What is the hundred thousands digit of 36566851?
5
What is the ten thousands digit of 452066362?
6
What is the hundred millions digit of 528139575?
5
What is the units digit of 38459947?
7
What is the units digit of 6104069?
9
What is the units digit of 69359679?
9
What is the ten millions digit of 2144074843?
4
What is the hundred thousands digit of 42141129?
1
What is the tens digit of 144417879?
7
What is the tens digit of 241041981?
8
What is the hundred thousands digit of 11878925?
8
What is the hundreds digit of 145193086?
0
What is the ten thousands digit of 4502687770?
8
What is the ten thousands digit of 39095204?
9
What is the ten thousands digit of 62204029?
0
What is the tens digit of 480575024?
2
What is 